 remainder when 18*(-2)/(-4)*2 is divided by k?
4
Suppose -4*m = -m - 42. Let w = m + -12. Suppose 4*q = w*i - q - 30, 0 = 5*i + q - 48. Calculate the remainder when 19 is divided by i.
9
Let p(d) = -4*d + 2. Let r = -2 + 3. Let t be p(r). What is the remainder when (-2 - -81)/(-1 - t) is divided by 27?
25
Let k(c) = 11*c**2 - 15*c - 87. Calculate the remainder when k(-5) is divided by 53.
51
Suppose 5*z = 238 + 117. Suppose 0 = -16*f + 429 - 141. Calculate the remainder when z is divided by f.
17
Let m = 198 + -160. What is the remainder when 126 is divided by m?
12
Let q(i) = -10*i + 200. Calculate the remainder when 897 is divided by q(11).
87
Let l(m) = 18*m + 19 - 17*m**2 + 7 + 16*m**2. Let o be (-803)/(-44) + 6/8. Calculate the remainder when l(o) is divided by 2.
1
Let x = 433 + -416. Calculate the remainder when ((-3)/(-6))/((-2)/(-264)) is divided by x.
15
Let n(f) = f**3 - 4*f**2 - f - 9. Suppose 0 = -0*o + 4*o - 4*c - 4, -16 = -4*o + c. What is the remainder when n(o) is divided by 7?
4
What is the remainder when (-2 - 2/4)/((-43)/1118) is divided by 11?
10
Let h(r) = -r**2 + 10*r + 4. Let s be h(11). Let f = s - -14. Calculate the remainder when 25 is divided by f.
4
Let i(l) = l**2 + l + 2. Let j = 27 + -7. What is the remainder when j is divided by i(-3)?
4
Suppose 4*o + 25 = 69. Let f be 0/1 + (5 - 5). Calculate the remainder when o is divided by 1 - ((-2)/1 - f).
2
Suppose 2*d - 302 = k, 5*d + k = 5*k + 758. Suppose 5*r - 375 = -5*u, 2*u + r + 3*r = d. Let i = u + -38. What is the remainder when i is divided by 19?
18
Let u = -311 - -326. Let f(m) = -m**2 + 6*m - 2. What is the remainder when u is divided by f(4)?
3
Let n(c) = c + 13. Let x(j) = j + 14. Let p(s) = 6*n(s) - 5*x(s). Let f be p(-4). Suppose 2*g = -f + 40. Calculate the remainder when g is divided by 7.
4
Let s(h) = 28*h**3 - h. Let n = -790 - -839. What is the remainder when n is divided by s(1)?
22
Let l(b) = 21*b + 727. Suppose 0 = 2*t - 7*t + 125. Calculate the remainder when t is divided by l(-34).
12
Let j(x) = 3*x**2 + 4*x - 14. Let y be j(-9). Let m = 376 + -239. Let h = y - m. Calculate the remainder when h is divided by 19.
18
Suppose -22 = -u + 2. Let k = -67 + u. Let c = 36 - k. Calculate the remainder when c is divided by 20.
19
Let x(a) = a**2 + 2*a - 19. Let r be x(-6). Suppose -2*o + 2 = -r*l - 8, 2*l = 0. What is the remainder when 11 is divided by o?
1
Suppose 4*d - 431 = 121. Calculate the remainder when d is divided by 49.
40
Let l(f) = 3*f**2 - 15*f - 14. What is the remainder when 657 is divided by l(-4)?
93
Let h be (8/10*-2)/(10/(-25)). Suppose 4*x + h = 0, -4*x - 1 = u - 11. What is the remainder when 35 is divided by u?
7
Suppose 0 = 4*a + 2*a - 48. Suppose -r = 3*r - a. Calculate the remainder when 53 is divided by 1/r*(-14 + 36).
9
What is the remainder when 576 is divided by (-22 + 2)*18/(-36)?
6
Let r = 12 - 9. Suppose -r*d = -6*d - x + 23, d - x = 13. Suppose -d*y + 36 = -7*y. Calculate the remainder when 50 is divided by y.
14
Let g(a) be the first derivative of a**3/3 - 3*a**2 + 18*a + 31. Suppose -q - 2*q + 27 = 0. What is the remainder when g(q) is divided by 24?
21
Let d(i) = -4*i**3 - 6*i**2 + i + 5. Let g(w) = -5*w**3 - 7*w**2 + 2*w + 6. Let l(o) = 4*d(o) - 3*g(o). Calculate the remainder when 3 is divided by l(-2).
1
Let n = 9134 - 9099. Let v = -12 - -31. Calculate the remainder when n is divided by v.
16
Let a(s) = s**3 + 8*s**2 + 7*s + 3. Let j be a(-7). What is the remainder when j + -4 + 14 - 2 is divided by 4?
3
Suppose -g = 2, 20 = -4*q - g + 6. Let i(m) = 3*m**2 + 4*m + 2. What is the remainder when 64 is divided by i(q)?
13
Let g = 1797 + -1773. What is the remainder when 1053 is divided by g?
21
Let v(x) = 37*x - 12. Let c be v(2). Suppose 0 = 4*u + 4*z - 80, -u = 2*u + 5*z - c. What is the remainder when 68 is divided by u?
11
Suppose 0 = -5*g - 41 + 16. Let f(s) be the first derivative of s**4/4 + 2*s**3 - s**2/2 - 2*s - 160. What is the remainder when f(g) is divided by 10?
8
Let d(u) = -2*u**3 + 22*u**2 - 19*u - 10. Let a be d(10). Suppose -14*r + 5*r + 108 = a. What is the remainder when 40 is divided by r?
4
Let v(l) = 2*l**2 - 10*l - 3. Suppose -s - 2*s - 15 = -3*f, -35 = -4*f - s. What is the remainder when v(f) is divided by 12?
9
Calculate the remainder when 33 is divided by (4 + 5/(45/(-42)))*-18.
9
Let h(q) = -q**3 + 10*q**2 - 10*q + 28. Calculate the remainder when 123 is divided by h(9).
9
Let h(v) = -35*v - 100. Calculate the remainder when 143 is divided by h(-3).
3
Suppose -4*f - 5 = 3*r + 13, 0 = 5*f + 4*r + 23. What is the remainder when 81 + 3 + f + -2 is divided by (-1 - -4)/(3/27)?
25
Suppose -g = 2*g. Suppose -q - 2 + 4 = g. Suppose q = 5*s - 2*a, -5*a + 33 - 7 = 3*s. What is the remainder when 2 is divided by s?
0
Let d(l) = -2*l**3 + 67*l**2 - 26*l - 65. Calculate the remainder when d(33) is divided by 15.
1
Suppose -2*k - d = -37, 4*d + 0*d - 36 = -k. Calculate the remainder when 171 is divided by k.
11
Let a be 5 - 27/4 - (-1)/(-4). Let o(z) = -25*z + 4. Calculate the remainder when 268 is divided by o(a).
52
Let w(a) = 10*a**2 - 4*a + 19. Calculate the remainder when 162 is divided by w(2).
9
Suppose 4*n - 212 - 64 = 0. What is the remainder when (n/12)/((3/(-12))/(-1)) is divided by 9?
5
Suppose 28 = 3*n - 26. Let b = -10 - -47. Let k = b + -30. Calculate the remainder when n is divided by k.
4
Let r(b) = 3*b. Suppose 0 = -10*u + 118 - 48. Suppose -2*z + 4*z = -j + 16, 5*j = -2*z + 64. What is the remainder when r(u) is divided by j?
9
Let n = -289 - -313. Let r = -51 + 34. Let k = r + n. What is the remainder when 8 is divided by k?
1
Suppose 7*w - 209 - 379 = 0. What is the remainder when w is divided by 10?
4
What is the remainder when 293 is divided by 9/(72/(-14))*(-1 - 3)?
6
Let a(p) be the first derivative of -p**3/3 + 15*p**2/2 + 9*p + 25. What is the remainder when a(12) is divided by 8?
5
Suppose 0 = 4*w - v - 19, 4*w - 4*v + 19 = 7*w. What is the remainder when (135/w)/(1/(9/3)) is divided by 42?
39
Suppose 0 = 4*d - g - 49, 18 = 3*d + 3*g - 0. Suppose 4*s - 2 - 6 = -y, 31 = 5*s - 4*y. Calculate the remainder when (s + (-235)/10)*-2 is divided by d.
8
Let i(c) = c**2 - c - 12. Let x be i(5). Suppose -b - x = -2*b. Suppose 43 = 3*d + 2*g, -4*g - 8 - b = 0. Calculate the remainder when d is divided by 11.
6
Suppose -2*x = -3*s - 145, s + 74 = -2*x + 3*x. What is the remainder when x is divided by 20?
17
Suppose -53 = -i - j, 2*i - 41 - 61 = -j. Let z(d) = -d**2 - 13*d + 5. Calculate the remainder when i is divided by z(-12).
15
Let y = 2173 - 2157. Let m(l) = l**3 + 10*l**2 + 5*l + 3. What is the remainder when m(-4) is divided by y?
15
Suppose -3*t - 18 = -4*n, -4*t = 3*n - 4*n - 2. Calculate the remainder when (n/(-4))/(4/(-152)) is divided by 30.
27
Suppose n = 5*l + 17 - 20, n - 3 = 2*l. Suppose 5*d + 11 = 1, -5*d - 138 = -4*u. Calculate the remainder when u is divided by n.
4
Suppose 7*f + 150 = 17*f. What is the remainder when 133 is divided by f?
13
Suppose p - 5 = -1. Suppose 115 = 5*d + 4*j, -p*d + 36 = 4*j - 52. Suppose 70 - 25 = 3*s. Calculate the remainder when d is divided by s.
12
Suppose -2*g - 6 = -4*g. Suppose -2*r + 5*o - g*o + 36 = 0, -5*r = -o - 70. Calculate the remainder when r is divided by ((-18)/(-2))/3 + 1.
1
Suppose 3*p + 43 + 5 = 0. Let s = p + 16. Suppose 14 = 4*c + 3*y, c = -s*c - 5*y - 5. What is the remainder when 18 is divided by c?
3
Suppose 7*y - 125 - 309 = 0. Let u = y - 58. Let z(j) = 3*j - 5. Calculate the remainder when z(6) is divided by u.
1
Let b = 26 - 0. Suppose -4*y - 68 = -14*q + 18*q, -q + 5*y - 41 = 0. Let j = b + q. Calculate the remainder when 14 is divided by j.
4
Suppose -4*c - 23 + 39 = 0. Suppose 3*o = -4*i - 1, 2*o + o + 9 = 0. What is the remainder when c is divided by i?
0
Let t be (-4)/26 - (-134)/26. Suppose t*l - 55 = -0. Suppose -103 = -2*f - z, 0*z - 285 = -5*f + 3*z. Calculate the remainder when f is divided by l.
10
Let z = -255 - -281. Calculate the remainder when 103 is divided by z.
25
Let i(u) = -4*u - 25. What is the remainder when 216 is divided by i(-14)?
30
Suppose 0 = 2*s - 2*b - 88, -27*s + 22*s + b + 200 = 0. Calculate the remainder when s is divided by 36.
3
Let m(v) = v**3 - 2*v**2 + 22*v - 68. Sup